{"id":2,"date":"2012-04-04T12:39:52","date_gmt":"2012-04-04T12:39:52","guid":{"rendered":"http:\/\/172.21.0.61\/?page_id=2"},"modified":"2012-05-03T10:17:44","modified_gmt":"2012-05-03T09:17:44","slug":"exempelsida","status":"publish","type":"page","link":"http:\/\/www.ingby.com\/?page_id=2","title":{"rendered":"Vilka \u00e4r Ingenj\u00f6rsbyn?"},"content":{"rendered":"<p>Ingenj\u00f6rsbyn (Ingby) best\u00e5r av en grupp erfarna IT- och utvecklingskonsulter. V\u00e5rt m\u00e5l \u00e4r att g\u00f6ra er IT-verksamhet mer framg\u00e5ngsrik genom att leverera klassiskt konsult- och ingenj\u00f6rskunnande. Vi levererar detta genom tj\u00e4nster som str\u00e4cker sig fr\u00e5n r\u00e5dgivning, utveckling, ledning till helhets\u00e5taganden. Ingenj\u00f6rsbyn har l\u00e5ng erfarenhet fr\u00e5n otaliga produktutvecklingsprojekt som vi g\u00e4rna delar med oss av f\u00f6r att ni snabbare\u00a0 och effektivare ska n\u00e5 era m\u00e5l.<\/p>\n<p>L\u00e4s g\u00e4rna mer h\u00e4r p\u00e5 hemsidan om vad vi arbetat med och kolla in v\u00e5ra CV:n. Kontakta oss g\u00e4rna f\u00f6r en f\u00f6ruts\u00e4ttningsl\u00f6s diskussion om hur Ingenj\u00f6rsbyn skulle kunna bidra till att g\u00f6ra er verksamhet mer framg\u00e5ngsrik!<\/p>\n","protected":false},"excerpt":{"rendered":"<p>Ingenj\u00f6rsbyn (Ingby) best\u00e5r av en grupp erfarna IT- och utvecklingskonsulter. V\u00e5rt m\u00e5l \u00e4r att g\u00f6ra er IT-verksamhet mer framg\u00e5ngsrik genom att leverera klassiskt konsult- och ingenj\u00f6rskunnande. Vi levererar detta genom tj\u00e4nster som str\u00e4cker sig fr\u00e5n r\u00e5dgivning, utveckling, ledning till helhets\u00e5taganden. Ingenj\u00f6rsbyn har l\u00e5ng erfarenhet fr\u00e5n otaliga produktutvecklingsprojekt som vi g\u00e4rna delar med oss av f\u00f6r &hellip; <a href=\"http:\/\/www.ingby.com\/?page_id=2\" class=\"more-link\">Forts\u00e4tt l\u00e4sa <span class=\"screen-reader-text\">Vilka \u00e4r Ingenj\u00f6rsbyn?<\/span> <span class=\"meta-nav\">&rarr;<\/span><\/a><\/p>\n","protected":false},"author":1,"featured_media":0,"parent":0,"menu_order":0,"comment_status":"open","ping_status":"open","template":"","meta":[],"_links":{"self":[{"href":"https:\/\/www.ingby.com\/index.php?rest_route=\/wp\/v2\/pages\/2"}],"collection":[{"href":"https:\/\/www.ingby.com\/index.php?rest_route=\/wp\/v2\/pages"}],"about":[{"href":"https:\/\/www.ingby.com\/index.php?rest_route=\/wp\/v2\/types\/page"}],"author":[{"embeddable":true,"href":"https:\/\/www.ingby.com\/index.php?rest_route=\/wp\/v2\/users\/1"}],"replies":[{"embeddable":true,"href":"https:\/\/www.ingby.com\/index.php?rest_route=%2Fwp%2Fv2%2Fcomments&post=2"}],"version-history":[{"count":4,"href":"https:\/\/www.ingby.com\/index.php?rest_route=\/wp\/v2\/pages\/2\/revisions"}],"predecessor-version":[{"id":158,"href":"https:\/\/www.ingby.com\/index.php?rest_route=\/wp\/v2\/pages\/2\/revisions\/158"}],"wp:attachment":[{"href":"https:\/\/www.ingby.com\/index.php?rest_route=%2Fwp%2Fv2%2Fmedia&parent=2"}],"curies":[{"name":"wp","href":"https:\/\/api.w.org\/{rel}","templated":true}]}}